D7net
Home
Console
Upload
information
Create File
Create Folder
About
Tools
:
/
home
/
etb1lp46s9ed
/
access-logs
/
Filename :
padmamedicals.36y.f21.mytemp.website-ssl_log
back
Copy
118.139.177.138 - - [13/May/2026:05:10:32 -0700] "POST /wp-cron.php?doing_wp_cron=1778674232.1326699256896972656250 HTTP/1.1" 200 - "-" "WordPress/6.9; https://padmamedicals.online" 47 **0/47237**
66.249.64.64 - - [13/May/2026:05:10:31 -0700] "GET /specialized/ HTTP/1.1" 500 2951 "-" "Mozilla/5.0 (Linux; Android 6.0.1; Nexus 5X Build/MMB29P) AppleWebKit/537.36 (KHTML, like Gecko) Chrome/147.0.7727.137 Mobile Safari/537.36 (compatible; Googlebot/2.1; +http://www.google.com/bot.html)" 723 **0/723156**
118.139.177.138 - - [13/May/2026:06:11:45 -0700] "POST /wp-cron.php?doing_wp_cron=1778677905.1311891078948974609375 HTTP/1.1" 200 - "-" "WordPress/6.9; https://padmamedicals.online" 31 **0/31977**
20.118.209.59 - - [13/May/2026:06:11:43 -0700] "POST /wp-admin/admin-ajax.php HTTP/1.1" 400 1 "-" "Mozilla/5.0" 1816 **1/1816992**
118.139.177.138 - - [13/May/2026:06:11:44 -0700] "POST /wp-admin/admin-ajax.php?action=as_async_request_queue_runner&nonce=90ba0c3163 HTTP/1.1" 200 - "-" "WordPress/6.9; https://padmamedicals.online" 5809 **5/5809825**
118.139.177.138 - - [13/May/2026:06:32:19 -0700] "POST /wp-cron.php?doing_wp_cron=1778679139.8667709827423095703125 HTTP/1.1" 200 - "-" "WordPress/6.9; https://padmamedicals.online" 44 **0/44930**
66.249.70.2 - - [13/May/2026:06:32:17 -0700] "GET /robots.txt HTTP/1.1" 301 - "-" "Mozilla/5.0 (compatible; Googlebot/2.1; +http://www.google.com/bot.html)" 2416 **2/2416213**
66.249.64.76 - - [13/May/2026:06:32:20 -0700] "GET /robots.txt HTTP/1.1" 200 123 "-" "Mozilla/5.0 (compatible; Googlebot/2.1; +http://www.google.com/bot.html)" 757 **0/757761**
161.35.36.15 - - [13/May/2026:06:37:24 -0700] "GET / HTTP/1.1" 200 16182 "-" "Mozilla/5.0 (X11; Linux x86_64) AppleWebKit/537.36 (KHTML, like Gecko) Chrome/142.0.0.0 Safari/537.36" 1074 **1/1074404**
161.35.36.15 - - [13/May/2026:06:37:30 -0700] "GET /wp-content/uploads/2024/04/cropped-android-chrome-512x512-1-1-70x70.png HTTP/1.1" 200 2150 "https://padmamedicals.online/" "Mozilla/5.0 (X11; Linux x86_64) AppleWebKit/537.36 (KHTML, like Gecko) Chrome/142.0.0.0 Safari/537.36" 11 **0/11929**
118.139.177.138 - - [13/May/2026:06:40:36 -0700] "POST /wp-cron.php?doing_wp_cron=1778679636.5871798992156982421875 HTTP/1.1" 200 - "-" "WordPress/6.9; https://padmamedicals.online" 41 **0/41053**
3.151.194.164 - - [13/May/2026:06:40:35 -0700] "GET / HTTP/1.1" 200 16181 "-" "visionheight.com/scan Mozilla/5.0 (Macintosh; Intel Mac OS X 10_15_7) Chrome/126.0.0.0 Safari/537.36" 936 **0/936744**
184.154.36.178 - - [13/May/2026:07:10:44 -0700] "GET / HTTP/1.1" 200 7037 "http://www.google.com/url?url=padmamedicals.online&yahoo.com" "Mozilla/5.0 (compatible; MSIE 9.0; Windows NT 6.1; WOW64; Trident/6.0)" 3 **0/3393**
184.154.36.178 - - [13/May/2026:07:10:48 -0700] "GET / HTTP/1.1" 200 6995 "http://www.google.com/url?url=padmamedicals.online&yahoo.com" "Mozilla/5.0 (compatible; MSIE 9.0; Windows NT 6.1; WOW64; Trident/6.0)" 2 **0/2949**
118.139.177.138 - - [13/May/2026:07:57:35 -0700] "POST /wp-cron.php?doing_wp_cron=1778684255.9406719207763671875000 HTTP/1.1" 200 - "-" "WordPress/6.9; https://padmamedicals.online" 76 **0/76255**
66.249.64.75 - - [13/May/2026:07:57:33 -0700] "GET /services-carousel/ HTTP/1.1" 200 14142 "-" "Mozilla/5.0 (Linux; Android 6.0.1; Nexus 5X Build/MMB29P) AppleWebKit/537.36 (KHTML, like Gecko) Chrome/147.0.7727.137 Mobile Safari/537.36 (compatible; Googlebot/2.1; +http://www.google.com/bot.html)" 3043 **3/3043245**
66.249.64.75 - - [13/May/2026:07:57:53 -0700] "GET /wp-content/plugins/elementor/assets/css/frontend.min.css?ver=3.35.5 HTTP/1.1" 200 7271 "https://padmamedicals.online/services-carousel/" "Mozilla/5.0 (Linux; Android 6.0.1; Nexus 5X Build/MMB29P) AppleWebKit/537.36 (KHTML, like Gecko) Chrome/147.0.7727.137 Mobile Safari/537.36 (compatible; Googlebot/2.1; +http://www.google.com/bot.html)" 10 **0/10700**
66.249.64.76 - - [13/May/2026:07:57:55 -0700] "GET /wp-content/plugins/laboix-addon/assets/vendors/alagambe-font/stylesheet.css?ver=1762337083 HTTP/1.1" 200 201 "https://padmamedicals.online/services-carousel/" "Mozilla/5.0 (Linux; Android 6.0.1; Nexus 5X Build/MMB29P) AppleWebKit/537.36 (KHTML, like Gecko) Chrome/147.0.7727.137 Mobile Safari/537.36 (compatible; Googlebot/2.1; +http://www.google.com/bot.html)" 9 **0/9570**
66.249.64.75 - - [13/May/2026:07:57:57 -0700] "GET /wp-content/plugins/laboix-addon/assets/vendors/bxslider/jquery.bxslider.css?ver=1762337083 HTTP/1.1" 200 1219 "https://padmamedicals.online/services-carousel/" "Mozilla/5.0 (Linux; Android 6.0.1; Nexus 5X Build/MMB29P) AppleWebKit/537.36 (KHTML, like Gecko) Chrome/147.0.7727.137 Mobile Safari/537.36 (compatible; Googlebot/2.1; +http://www.google.com/bot.html)" 11 **0/11439**
66.249.64.75 - - [13/May/2026:07:57:59 -0700] "GET /wp-content/plugins/laboix-addon/assets/vendors/owl-carousel/owl.theme.default.min.css?ver=1762337083 HTTP/1.1" 200 483 "https://padmamedicals.online/services-carousel/" "Mozilla/5.0 (Linux; Android 6.0.1; Nexus 5X Build/MMB29P) AppleWebKit/537.36 (KHTML, like Gecko) Chrome/147.0.7727.137 Mobile Safari/537.36 (compatible; Googlebot/2.1; +http://www.google.com/bot.html)" 9 **0/9003**
66.249.64.75 - - [13/May/2026:07:58:00 -0700] "GET /wp-content/plugins/contact-form-7/includes/css/styles.css?ver=6.1.5 HTTP/1.1" 200 1031 "https://padmamedicals.online/services-carousel/" "Mozilla/5.0 (Linux; Android 6.0.1; Nexus 5X Build/MMB29P) AppleWebKit/537.36 (KHTML, like Gecko) Chrome/147.0.7727.137 Mobile Safari/537.36 (compatible; Googlebot/2.1; +http://www.google.com/bot.html)" 9 **0/9394**
66.249.64.75 - - [13/May/2026:07:58:02 -0700] "GET /wp-content/plugins/laboix-addon/assets/vendors/jarallax/jarallax.css?ver=1762337083 HTTP/1.1" 200 208 "https://padmamedicals.online/services-carousel/" "Mozilla/5.0 (Linux; Android 6.0.1; Nexus 5X Build/MMB29P) AppleWebKit/537.36 (KHTML, like Gecko) Chrome/147.0.7727.137 Mobile Safari/537.36 (compatible; Googlebot/2.1; +http://www.google.com/bot.html)" 20 **0/20214**
66.249.64.75 - - [13/May/2026:07:58:04 -0700] "GET /wp-content/plugins/laboix-addon/assets/vendors/animate/custom-animate.css?ver=1762337083 HTTP/1.1" 200 2551 "https://padmamedicals.online/services-carousel/" "Mozilla/5.0 (Linux; Android 6.0.1; Nexus 5X Build/MMB29P) AppleWebKit/537.36 (KHTML, like Gecko) Chrome/147.0.7727.137 Mobile Safari/537.36 (compatible; Googlebot/2.1; +http://www.google.com/bot.html)" 12 **0/12129**
66.249.64.75 - - [13/May/2026:07:58:07 -0700] "GET /wp-includes/js/dist/i18n.min.js?ver=c26c3dc7bed366793375 HTTP/1.1" 200 2229 "https://padmamedicals.online/services-carousel/" "Mozilla/5.0 (Linux; Android 6.0.1; Nexus 5X Build/MMB29P) AppleWebKit/537.36 (KHTML, like Gecko) Chrome/147.0.7727.137 Mobile Safari/537.36 (compatible; Googlebot/2.1; +http://www.google.com/bot.html)" 12 **0/12429**
66.249.64.75 - - [13/May/2026:07:58:09 -0700] "GET /wp-content/plugins/laboix-addon/assets/vendors/countdown/countdown.min.js?ver=1762337083 HTTP/1.1" 200 2029 "https://padmamedicals.online/services-carousel/" "Mozilla/5.0 (Linux; Android 6.0.1; Nexus 5X Build/MMB29P) AppleWebKit/537.36 (KHTML, like Gecko) Chrome/147.0.7727.137 Mobile Safari/537.36 (compatible; Googlebot/2.1; +http://www.google.com/bot.html)" 9 **0/9492**
66.249.64.75 - - [13/May/2026:07:58:18 -0700] "GET /wp-content/plugins/elementor/assets/js/frontend.min.js?ver=3.35.5 HTTP/1.1" 200 10325 "https://padmamedicals.online/services-carousel/" "Mozilla/5.0 (Linux; Android 6.0.1; Nexus 5X Build/MMB29P) AppleWebKit/537.36 (KHTML, like Gecko) Chrome/147.0.7727.137 Mobile Safari/537.36 (compatible; Googlebot/2.1; +http://www.google.com/bot.html)" 12 **0/12058**
118.139.177.138 - - [13/May/2026:08:35:59 -0700] "POST /wp-cron.php?doing_wp_cron=1778686559.9288759231567382812500 HTTP/1.1" 200 - "-" "WordPress/6.9; https://padmamedicals.online" 74 **0/74846**
17.22.245.243 - - [13/May/2026:08:35:59 -0700] "GET /robots.txt HTTP/2.0" 200 123 "-" "Mozilla/5.0 (Macintosh; Intel Mac OS X 10_15_7) AppleWebKit/605.1.15 (KHTML, like Gecko) Version/17.4 Safari/605.1.15 (Applebot/0.1; +http://www.apple.com/go/applebot)" 641 **0/641828**
17.22.245.243 - - [13/May/2026:08:36:00 -0700] "GET / HTTP/2.0" 200 16180 "-" "Mozilla/5.0 (Macintosh; Intel Mac OS X 10_15_7) AppleWebKit/605.1.15 (KHTML, like Gecko) Version/17.4 Safari/605.1.15 (Applebot/0.1; +http://www.apple.com/go/applebot)" 924 **0/924506**
17.22.245.75 - - [13/May/2026:08:36:02 -0700] "GET /robots.txt HTTP/1.1" 200 123 "-" "Mozilla/5.0 (Macintosh; Intel Mac OS X 10_15_7) AppleWebKit/605.1.15 (KHTML, like Gecko) Version/17.4 Safari/605.1.15 (Applebot/0.1; +http://www.apple.com/go/applebot)" 887 **0/887120**
17.22.245.242 - - [13/May/2026:08:36:04 -0700] "GET /robots.txt HTTP/1.1" 200 123 "-" "Mozilla/5.0 (Macintosh; Intel Mac OS X 10_15_7) AppleWebKit/605.1.15 (KHTML, like Gecko) Version/17.4 Safari/605.1.15 (Applebot/0.1; +http://www.apple.com/go/applebot)" 528 **0/528250**
17.22.245.242 - - [13/May/2026:08:36:05 -0700] "GET /robots.txt HTTP/1.1" 200 123 "-" "Mozilla/5.0 (Macintosh; Intel Mac OS X 10_15_7) AppleWebKit/605.1.15 (KHTML, like Gecko) Version/17.4 Safari/605.1.15 (Applebot/0.1; +http://www.apple.com/go/applebot)" 417 **0/417457**
17.22.245.242 - - [13/May/2026:08:36:06 -0700] "GET /robots.txt HTTP/1.1" 200 123 "-" "Mozilla/5.0 (Macintosh; Intel Mac OS X 10_15_7) AppleWebKit/605.1.15 (KHTML, like Gecko) Version/17.4 Safari/605.1.15 (Applebot/0.1; +http://www.apple.com/go/applebot)" 443 **0/443414**
17.22.245.242 - - [13/May/2026:08:36:08 -0700] "GET /robots.txt HTTP/1.1" 200 123 "-" "Mozilla/5.0 (Macintosh; Intel Mac OS X 10_15_7) AppleWebKit/605.1.15 (KHTML, like Gecko) Version/17.4 Safari/605.1.15 (Applebot/0.1; +http://www.apple.com/go/applebot)" 424 **0/424102**
17.22.245.242 - - [13/May/2026:08:36:09 -0700] "GET /robots.txt HTTP/1.1" 200 123 "-" "Mozilla/5.0 (Macintosh; Intel Mac OS X 10_15_7) AppleWebKit/605.1.15 (KHTML, like Gecko) Version/17.4 Safari/605.1.15 (Applebot/0.1; +http://www.apple.com/go/applebot)" 440 **0/440199**
17.22.245.242 - - [13/May/2026:08:36:11 -0700] "GET /robots.txt HTTP/1.1" 200 123 "-" "Mozilla/5.0 (Macintosh; Intel Mac OS X 10_15_7) AppleWebKit/605.1.15 (KHTML, like Gecko) Version/17.4 Safari/605.1.15 (Applebot/0.1; +http://www.apple.com/go/applebot)" 432 **0/432372**
17.22.245.76 - - [13/May/2026:08:36:40 -0700] "GET /wp-content/plugins/elementor/assets/css/widget-heading.min.css?ver=3.35.5 HTTP/2.0" 200 160 "https://padmamedicals.online/" "Mozilla/5.0 (Macintosh; Intel Mac OS X 10_15_7) AppleWebKit/605.1.15 (KHTML, like Gecko) Version/17.4 Safari/605.1.15 (Applebot/0.1; +http://www.apple.com/go/applebot)" 9 **0/9508**
17.22.245.76 - - [13/May/2026:08:36:41 -0700] "GET /wp-content/plugins/elementor/assets/css/frontend.min.css?ver=3.35.5 HTTP/2.0" 200 7271 "https://padmamedicals.online/" "Mozilla/5.0 (Macintosh; Intel Mac OS X 10_15_7) AppleWebKit/605.1.15 (KHTML, like Gecko) Version/17.4 Safari/605.1.15 (Applebot/0.1; +http://www.apple.com/go/applebot)" 9 **0/9776**
66.249.64.75 - - [13/May/2026:08:36:41 -0700] "GET / HTTP/1.1" 200 16179 "-" "Mozilla/5.0 (compatible; Googlebot/2.1; +http://www.google.com/bot.html)" 644 **0/644592**
17.22.245.76 - - [13/May/2026:08:36:42 -0700] "GET /wp-content/plugins/contact-form-7/includes/css/styles.css?ver=6.1.5 HTTP/2.0" 200 1031 "https://padmamedicals.online/" "Mozilla/5.0 (Macintosh; Intel Mac OS X 10_15_7) AppleWebKit/605.1.15 (KHTML, like Gecko) Version/17.4 Safari/605.1.15 (Applebot/0.1; +http://www.apple.com/go/applebot)" 9 **0/9895**
17.22.245.76 - - [13/May/2026:08:36:44 -0700] "GET /wp-content/uploads/elementor/css/post-12.css?ver=1778144670 HTTP/2.0" 200 401 "https://padmamedicals.online/" "Mozilla/5.0 (Macintosh; Intel Mac OS X 10_15_7) AppleWebKit/605.1.15 (KHTML, like Gecko) Version/17.4 Safari/605.1.15 (Applebot/0.1; +http://www.apple.com/go/applebot)" 8 **0/8610**
17.22.245.76 - - [13/May/2026:08:36:45 -0700] "GET /wp-content/plugins/elementor/assets/lib/eicons/css/elementor-icons.min.css?ver=5.47.0 HTTP/2.0" 200 4429 "https://padmamedicals.online/" "Mozilla/5.0 (Macintosh; Intel Mac OS X 10_15_7) AppleWebKit/605.1.15 (KHTML, like Gecko) Version/17.4 Safari/605.1.15 (Applebot/0.1; +http://www.apple.com/go/applebot)" 11 **0/11475**
66.249.64.75 - - [13/May/2026:08:36:44 -0700] "GET / HTTP/1.1" 200 16182 "-" "Mozilla/5.0 (Linux; Android 6.0.1; Nexus 5X Build/MMB29P) AppleWebKit/537.36 (KHTML, like Gecko) Chrome/99.0.4844.84 Mobile Safari/537.36 (compatible; Googlebot/2.1; +http://www.google.com/bot.html)" 619 **0/619032**
17.22.245.76 - - [13/May/2026:08:36:46 -0700] "GET /wp-content/plugins/all-in-one-seo-pack/dist/Lite/assets/css/table-of-contents/global.e90f6d47.css?ver=4.9.4.1 HTTP/2.0" 200 509 "https://padmamedicals.online/" "Mozilla/5.0 (Macintosh; Intel Mac OS X 10_15_7) AppleWebKit/605.1.15 (KHTML, like Gecko) Version/17.4 Safari/605.1.15 (Applebot/0.1; +http://www.apple.com/go/applebot)" 9 **0/9243**
17.22.245.76 - - [13/May/2026:08:36:48 -0700] "GET /wp-content/plugins/elementor/assets/css/widget-icon-box.min.css?ver=3.35.5 HTTP/2.0" 200 435 "https://padmamedicals.online/" "Mozilla/5.0 (Macintosh; Intel Mac OS X 10_15_7) AppleWebKit/605.1.15 (KHTML, like Gecko) Version/17.4 Safari/605.1.15 (Applebot/0.1; +http://www.apple.com/go/applebot)" 11 **0/11499**
17.22.245.76 - - [13/May/2026:08:36:49 -0700] "GET /wp-content/plugins/elementor-pro/assets/css/widget-form.min.css?ver=3.31.2 HTTP/2.0" 200 1581 "https://padmamedicals.online/" "Mozilla/5.0 (Macintosh; Intel Mac OS X 10_15_7) AppleWebKit/605.1.15 (KHTML, like Gecko) Version/17.4 Safari/605.1.15 (Applebot/0.1; +http://www.apple.com/go/applebot)" 9 **0/9480**
17.22.245.76 - - [13/May/2026:08:36:51 -0700] "GET /wp-content/uploads/elementor/css/post-75.css?ver=1778148892 HTTP/2.0" 200 1645 "https://padmamedicals.online/" "Mozilla/5.0 (Macintosh; Intel Mac OS X 10_15_7) AppleWebKit/605.1.15 (KHTML, like Gecko) Version/17.4 Safari/605.1.15 (Applebot/0.1; +http://www.apple.com/go/applebot)" 10 **0/10054**
17.22.245.76 - - [13/May/2026:08:36:52 -0700] "GET /wp-content/plugins/laboix-addon/assets/vendors/animate/animate.min.css?ver=1762337083 HTTP/2.0" 200 4734 "https://padmamedicals.online/" "Mozilla/5.0 (Macintosh; Intel Mac OS X 10_15_7) AppleWebKit/605.1.15 (KHTML, like Gecko) Version/17.4 Safari/605.1.15 (Applebot/0.1; +http://www.apple.com/go/applebot)" 11 **0/11781**
17.22.245.76 - - [13/May/2026:08:36:54 -0700] "GET /wp-content/plugins/laboix-addon/assets/vendors/animate/custom-animate.css?ver=1762337083 HTTP/2.0" 200 2551 "https://padmamedicals.online/" "Mozilla/5.0 (Macintosh; Intel Mac OS X 10_15_7) AppleWebKit/605.1.15 (KHTML, like Gecko) Version/17.4 Safari/605.1.15 (Applebot/0.1; +http://www.apple.com/go/applebot)" 9 **0/9769**
66.249.64.75 - - [13/May/2026:08:36:54 -0700] "GET /wp-content/plugins/elementor/assets/css/widget-heading.min.css?ver=3.35.5 HTTP/1.1" 200 160 "https://padmamedicals.online/" "Mozilla/5.0 (Linux; Android 6.0.1; Nexus 5X Build/MMB29P) AppleWebKit/537.36 (KHTML, like Gecko) Chrome/147.0.7727.116 Mobile Safari/537.36 (compatible; Googlebot/2.1; +http://www.google.com/bot.html)" 17 **0/17848**
66.249.64.75 - - [13/May/2026:08:36:54 -0700] "GET /wp-content/plugins/elementor-pro/assets/css/widget-form.min.css?ver=3.31.2 HTTP/1.1" 200 1581 "https://padmamedicals.online/" "Mozilla/5.0 (Linux; Android 6.0.1; Nexus 5X Build/MMB29P) AppleWebKit/537.36 (KHTML, like Gecko) Chrome/147.0.7727.116 Mobile Safari/537.36 (compatible; Googlebot/2.1; +http://www.google.com/bot.html)" 14 **0/14065**
17.22.245.76 - - [13/May/2026:08:36:55 -0700] "GET /wp-content/plugins/laboix-addon/assets/vendors/bootstrap-select/css/bootstrap-select.min.css?ver=1762337083 HTTP/2.0" 200 2357 "https://padmamedicals.online/" "Mozilla/5.0 (Macintosh; Intel Mac OS X 10_15_7) AppleWebKit/605.1.15 (KHTML, like Gecko) Version/17.4 Safari/605.1.15 (Applebot/0.1; +http://www.apple.com/go/applebot)" 11 **0/11601**
66.249.64.75 - - [13/May/2026:08:36:56 -0700] "GET /wp-content/plugins/elementor/assets/css/widget-icon-box.min.css?ver=3.35.5 HTTP/1.1" 200 435 "https://padmamedicals.online/" "Mozilla/5.0 (Linux; Android 6.0.1; Nexus 5X Build/MMB29P) AppleWebKit/537.36 (KHTML, like Gecko) Chrome/147.0.7727.116 Mobile Safari/537.36 (compatible; Googlebot/2.1; +http://www.google.com/bot.html)" 10 **0/10243**
17.22.245.76 - - [13/May/2026:08:36:57 -0700] "GET /wp-content/plugins/laboix-addon/assets/vendors/bxslider/jquery.bxslider.css?ver=1762337083 HTTP/2.0" 200 1219 "https://padmamedicals.online/" "Mozilla/5.0 (Macintosh; Intel Mac OS X 10_15_7) AppleWebKit/605.1.15 (KHTML, like Gecko) Version/17.4 Safari/605.1.15 (Applebot/0.1; +http://www.apple.com/go/applebot)" 12 **0/12759**
17.22.245.76 - - [13/May/2026:08:36:58 -0700] "GET /wp-content/plugins/laboix-addon/assets/vendors/jarallax/jarallax.css?ver=1762337083 HTTP/2.0" 200 208 "https://padmamedicals.online/" "Mozilla/5.0 (Macintosh; Intel Mac OS X 10_15_7) AppleWebKit/605.1.15 (KHTML, like Gecko) Version/17.4 Safari/605.1.15 (Applebot/0.1; +http://www.apple.com/go/applebot)" 10 **0/10411**
66.249.64.75 - - [13/May/2026:08:36:59 -0700] "GET /wp-content/plugins/elementor/assets/lib/font-awesome/css/regular.min.css?ver=5.15.3 HTTP/1.1" 200 308 "https://padmamedicals.online/" "Mozilla/5.0 (Linux; Android 6.0.1; Nexus 5X Build/MMB29P) AppleWebKit/537.36 (KHTML, like Gecko) Chrome/147.0.7727.116 Mobile Safari/537.36 (compatible; Googlebot/2.1; +http://www.google.com/bot.html)" 11 **0/11891**
17.22.245.76 - - [13/May/2026:08:37:00 -0700] "GET /wp-content/plugins/laboix-addon/assets/vendors/jquery-magnific-popup/jquery.magnific-popup.css?ver=1762337083 HTTP/2.0" 200 1830 "https://padmamedicals.online/" "Mozilla/5.0 (Macintosh; Intel Mac OS X 10_15_7) AppleWebKit/605.1.15 (KHTML, like Gecko) Version/17.4 Safari/605.1.15 (Applebot/0.1; +http://www.apple.com/go/applebot)" 14 **0/14290**
17.22.245.76 - - [13/May/2026:08:37:01 -0700] "GET /wp-content/plugins/laboix-addon/assets/vendors/odometer/odometer.min.css?ver=1762337083 HTTP/2.0" 200 484 "https://padmamedicals.online/" "Mozilla/5.0 (Macintosh; Intel Mac OS X 10_15_7) AppleWebKit/605.1.15 (KHTML, like Gecko) Version/17.4 Safari/605.1.15 (Applebot/0.1; +http://www.apple.com/go/applebot)" 13 **0/13060**
66.249.64.76 - - [13/May/2026:08:37:01 -0700] "GET /wp-content/uploads/elementor/css/post-1004.css?ver=1778112000 HTTP/1.1" 200 157 "https://padmamedicals.online/" "Mozilla/5.0 AppleWebKit/537.36 (KHTML, like Gecko; compatible; Googlebot/2.1; +http://www.google.com/bot.html) Chrome/147.0.7727.116 Safari/537.36" 12 **0/12202**
17.22.245.76 - - [13/May/2026:08:37:03 -0700] "GET /wp-content/plugins/laboix-addon/assets/vendors/owl-carousel/owl.carousel.min.css?ver=1762337083 HTTP/2.0" 200 1072 "https://padmamedicals.online/" "Mozilla/5.0 (Macintosh; Intel Mac OS X 10_15_7) AppleWebKit/605.1.15 (KHTML, like Gecko) Version/17.4 Safari/605.1.15 (Applebot/0.1; +http://www.apple.com/go/applebot)" 11 **0/11472**
66.249.64.76 - - [13/May/2026:08:37:03 -0700] "GET /wp-content/uploads/elementor/css/post-1004.css?ver=1778112000 HTTP/1.1" 200 157 "https://padmamedicals.online/" "Mozilla/5.0 (Linux; Android 6.0.1; Nexus 5X Build/MMB29P) AppleWebKit/537.36 (KHTML, like Gecko) Chrome/147.0.7727.116 Mobile Safari/537.36 (compatible; Googlebot/2.1; +http://www.google.com/bot.html)" 10 **0/10677**
17.22.245.76 - - [13/May/2026:08:37:04 -0700] "GET /wp-content/plugins/laboix-addon/assets/vendors/owl-carousel/owl.theme.default.min.css?ver=1762337083 HTTP/2.0" 200 483 "https://padmamedicals.online/" "Mozilla/5.0 (Macintosh; Intel Mac OS X 10_15_7) AppleWebKit/605.1.15 (KHTML, like Gecko) Version/17.4 Safari/605.1.15 (Applebot/0.1; +http://www.apple.com/go/applebot)" 10 **0/10440**
17.22.245.76 - - [13/May/2026:08:37:06 -0700] "GET /wp-content/plugins/laboix-addon/assets/vendors/reey-font/stylesheet.css?ver=1762337083 HTTP/2.0" 200 201 "https://padmamedicals.online/" "Mozilla/5.0 (Macintosh; Intel Mac OS X 10_15_7) AppleWebKit/605.1.15 (KHTML, like Gecko) Version/17.4 Safari/605.1.15 (Applebot/0.1; +http://www.apple.com/go/applebot)" 13 **0/13123**
66.249.64.76 - - [13/May/2026:08:37:07 -0700] "GET /wp-content/plugins/elementor-pro/assets/js/form.5fb35271b8ba3fb1e7d6.bundle.min.js HTTP/1.1" 200 5193 "https://padmamedicals.online/" "Mozilla/5.0 (Linux; Android 6.0.1; Nexus 5X Build/MMB29P) AppleWebKit/537.36 (KHTML, like Gecko) Chrome/147.0.7727.116 Mobile Safari/537.36 (compatible; Googlebot/2.1; +http://www.google.com/bot.html)" 7 **0/7972**
17.22.245.76 - - [13/May/2026:08:37:07 -0700] "GET /wp-content/plugins/laboix-addon/assets/vendors/alagambe-font/stylesheet.css?ver=1762337083 HTTP/2.0" 200 201 "https://padmamedicals.online/" "Mozilla/5.0 (Macintosh; Intel Mac OS X 10_15_7) AppleWebKit/605.1.15 (KHTML, like Gecko) Version/17.4 Safari/605.1.15 (Applebot/0.1; +http://www.apple.com/go/applebot)" 8 **0/8481**
17.22.245.76 - - [13/May/2026:08:37:09 -0700] "GET /wp-content/plugins/elementor/assets/lib/swiper/v8/css/swiper.min.css?ver=8.4.5 HTTP/2.0" 200 4583 "https://padmamedicals.online/" "Mozilla/5.0 (Macintosh; Intel Mac OS X 10_15_7) AppleWebKit/605.1.15 (KHTML, like Gecko) Version/17.4 Safari/605.1.15 (Applebot/0.1; +http://www.apple.com/go/applebot)" 10 **0/10360**
66.249.64.75 - - [13/May/2026:08:37:10 -0700] "GET /wp-content/plugins/elementor-pro/assets/js/popup.f7b15b2ca565b152bf98.bundle.min.js HTTP/1.1" 200 444 "https://padmamedicals.online/" "Mozilla/5.0 (Linux; Android 6.0.1; Nexus 5X Build/MMB29P) AppleWebKit/537.36 (KHTML, like Gecko) Chrome/147.0.7727.116 Mobile Safari/537.36 (compatible; Googlebot/2.1; +http://www.google.com/bot.html)" 10 **0/10426**
17.22.245.76 - - [13/May/2026:08:37:10 -0700] "GET /wp-content/plugins/laboix-addon/assets/vendors/timepicker/timePicker.css?ver=1762337083 HTTP/2.0" 200 1055 "https://padmamedicals.online/" "Mozilla/5.0 (Macintosh; Intel Mac OS X 10_15_7) AppleWebKit/605.1.15 (KHTML, like Gecko) Version/17.4 Safari/605.1.15 (Applebot/0.1; +http://www.apple.com/go/applebot)" 9 **0/9428**
17.22.245.76 - - [13/May/2026:08:37:11 -0700] "GET /wp-content/plugins/laboix-addon/assets/vendors/jquery-ui/jquery-ui.css?ver=1762337083 HTTP/2.0" 200 7685 "https://padmamedicals.online/" "Mozilla/5.0 (Macintosh; Intel Mac OS X 10_15_7) AppleWebKit/605.1.15 (KHTML, like Gecko) Version/17.4 Safari/605.1.15 (Applebot/0.1; +http://www.apple.com/go/applebot)" 11 **0/11306**
17.22.245.76 - - [13/May/2026:08:37:13 -0700] "GET /wp-content/plugins/laboix-addon/assets/css/laboix-addon.css?ver=1762337083 HTTP/2.0" 200 25 "https://padmamedicals.online/" "Mozilla/5.0 (Macintosh; Intel Mac OS X 10_15_7) AppleWebKit/605.1.15 (KHTML, like Gecko) Version/17.4 Safari/605.1.15 (Applebot/0.1; +http://www.apple.com/go/applebot)" 10 **0/10678**
66.249.64.75 - - [13/May/2026:08:37:13 -0700] "GET /wp-content/plugins/elementor-pro/assets/js/popup.f7b15b2ca565b152bf98.bundle.min.js HTTP/1.1" 200 444 "https://padmamedicals.online/" "Mozilla/5.0 AppleWebKit/537.36 (KHTML, like Gecko; compatible; Googlebot/2.1; +http://www.google.com/bot.html) Chrome/147.0.7727.116 Safari/537.36" 9 **0/9479**
17.22.245.76 - - [13/May/2026:08:37:14 -0700] "GET /wp-content/themes/laboix/assets/vendors/flaticons/css/flaticon.css?ver=1.1 HTTP/2.0" 200 2393 "https://padmamedicals.online/" "Mozilla/5.0 (Macintosh; Intel Mac OS X 10_15_7) AppleWebKit/605.1.15 (KHTML, like Gecko) Version/17.4 Safari/605.1.15 (Applebot/0.1; +http://www.apple.com/go/applebot)" 10 **0/10478**
66.249.64.75 - - [13/May/2026:08:37:15 -0700] "GET /wp-content/plugins/elementor-pro/assets/js/form.5fb35271b8ba3fb1e7d6.bundle.min.js HTTP/1.1" 200 5193 "https://padmamedicals.online/" "Mozilla/5.0 AppleWebKit/537.36 (KHTML, like Gecko; compatible; Googlebot/2.1; +http://www.google.com/bot.html) Chrome/147.0.7727.116 Safari/537.36" 11 **0/11788**
17.22.245.76 - - [13/May/2026:08:37:16 -0700] "GET /wp-content/themes/laboix/assets/vendors/laboix-icons/style.css?ver=1.1 HTTP/2.0" 200 801 "https://padmamedicals.online/" "Mozilla/5.0 (Macintosh; Intel Mac OS X 10_15_7) AppleWebKit/605.1.15 (KHTML, like Gecko) Version/17.4 Safari/605.1.15 (Applebot/0.1; +http://www.apple.com/go/applebot)" 10 **0/10476**
17.22.245.76 - - [13/May/2026:08:37:17 -0700] "GET /wp-content/themes/laboix/assets/vendors/bootstrap/css/bootstrap.min.css?ver=5.0.0 HTTP/2.0" 200 22899 "https://padmamedicals.online/" "Mozilla/5.0 (Macintosh; Intel Mac OS X 10_15_7) AppleWebKit/605.1.15 (KHTML, like Gecko) Version/17.4 Safari/605.1.15 (Applebot/0.1; +http://www.apple.com/go/applebot)" 14 **0/14246**
17.22.245.76 - - [13/May/2026:08:37:19 -0700] "GET /wp-content/themes/laboix/assets/vendors/fontawesome/css/all.min.css?ver=5.15.1 HTTP/2.0" 200 12873 "https://padmamedicals.online/" "Mozilla/5.0 (Macintosh; Intel Mac OS X 10_15_7) AppleWebKit/605.1.15 (KHTML, like Gecko) Version/17.4 Safari/605.1.15 (Applebot/0.1; +http://www.apple.com/go/applebot)" 14 **0/14307**
17.22.245.76 - - [13/May/2026:08:37:20 -0700] "GET /wp-content/themes/laboix/style.css?ver=1778686561 HTTP/2.0" 200 71082 "https://padmamedicals.online/" "Mozilla/5.0 (Macintosh; Intel Mac OS X 10_15_7) AppleWebKit/605.1.15 (KHTML, like Gecko) Version/17.4 Safari/605.1.15 (Applebot/0.1; +http://www.apple.com/go/applebot)" 24 **0/24537**
17.22.245.76 - - [13/May/2026:08:37:21 -0700] "GET /wp-content/plugins/laboix-addon/assets/vendors/laboix-icons/style.css?ver=1.1 HTTP/2.0" 200 801 "https://padmamedicals.online/" "Mozilla/5.0 (Macintosh; Intel Mac OS X 10_15_7) AppleWebKit/605.1.15 (KHTML, like Gecko) Version/17.4 Safari/605.1.15 (Applebot/0.1; +http://www.apple.com/go/applebot)" 12 **0/12842**
17.22.245.76 - - [13/May/2026:08:37:23 -0700] "GET /wp-content/plugins/elementor/assets/lib/font-awesome/css/fontawesome.min.css?ver=5.15.3 HTTP/2.0" 200 12617 "https://padmamedicals.online/" "Mozilla/5.0 (Macintosh; Intel Mac OS X 10_15_7) AppleWebKit/605.1.15 (KHTML, like Gecko) Version/17.4 Safari/605.1.15 (Applebot/0.1; +http://www.apple.com/go/applebot)" 11 **0/11234**
17.22.245.76 - - [13/May/2026:08:37:24 -0700] "GET /wp-content/plugins/elementor/assets/lib/font-awesome/css/regular.min.css?ver=5.15.3 HTTP/2.0" 200 308 "https://padmamedicals.online/" "Mozilla/5.0 (Macintosh; Intel Mac OS X 10_15_7) AppleWebKit/605.1.15 (KHTML, like Gecko) Version/17.4 Safari/605.1.15 (Applebot/0.1; +http://www.apple.com/go/applebot)" 9 **0/9565**
17.22.245.76 - - [13/May/2026:08:37:26 -0700] "GET /wp-content/plugins/elementor/assets/lib/font-awesome/css/solid.min.css?ver=5.15.3 HTTP/2.0" 200 309 "https://padmamedicals.online/" "Mozilla/5.0 (Macintosh; Intel Mac OS X 10_15_7) AppleWebKit/605.1.15 (KHTML, like Gecko) Version/17.4 Safari/605.1.15 (Applebot/0.1; +http://www.apple.com/go/applebot)" 8 **0/8321**
17.22.245.76 - - [13/May/2026:08:37:27 -0700] "GET /wp-includes/js/jquery/jquery.min.js?ver=3.7.1 HTTP/2.0" 200 30368 "https://padmamedicals.online/" "Mozilla/5.0 (Macintosh; Intel Mac OS X 10_15_7) AppleWebKit/605.1.15 (KHTML, like Gecko) Version/17.4 Safari/605.1.15 (Applebot/0.1; +http://www.apple.com/go/applebot)" 18 **0/18598**
17.22.245.76 - - [13/May/2026:08:37:28 -0700] "GET /wp-includes/js/jquery/jquery-migrate.min.js?ver=3.4.1 HTTP/2.0" 200 4872 "https://padmamedicals.online/" "Mozilla/5.0 (Macintosh; Intel Mac OS X 10_15_7) AppleWebKit/605.1.15 (KHTML, like Gecko) Version/17.4 Safari/605.1.15 (Applebot/0.1; +http://www.apple.com/go/applebot)" 10 **0/10286**
17.22.245.76 - - [13/May/2026:08:37:30 -0700] "GET /wp-content/uploads/elementor/css/post-1004.css?ver=1778148892 HTTP/2.0" 200 157 "https://padmamedicals.online/" "Mozilla/5.0 (Macintosh; Intel Mac OS X 10_15_7) AppleWebKit/605.1.15 (KHTML, like Gecko) Version/17.4 Safari/605.1.15 (Applebot/0.1; +http://www.apple.com/go/applebot)" 11 **0/11162**
17.22.245.76 - - [13/May/2026:08:37:31 -0700] "GET /wp-content/uploads/elementor/css/post-1242.css?ver=1778144670 HTTP/2.0" 200 322 "https://padmamedicals.online/" "Mozilla/5.0 (Macintosh; Intel Mac OS X 10_15_7) AppleWebKit/605.1.15 (KHTML, like Gecko) Version/17.4 Safari/605.1.15 (Applebot/0.1; +http://www.apple.com/go/applebot)" 9 **0/9837**
17.22.245.76 - - [13/May/2026:08:37:33 -0700] "GET /wp-includes/js/dist/hooks.min.js?ver=dd5603f07f9220ed27f1 HTTP/2.0" 200 1941 "https://padmamedicals.online/" "Mozilla/5.0 (Macintosh; Intel Mac OS X 10_15_7) AppleWebKit/605.1.15 (KHTML, like Gecko) Version/17.4 Safari/605.1.15 (Applebot/0.1; +http://www.apple.com/go/applebot)" 10 **0/10761**
17.22.245.76 - - [13/May/2026:08:37:34 -0700] "GET /wp-includes/js/dist/i18n.min.js?ver=c26c3dc7bed366793375 HTTP/2.0" 200 2229 "https://padmamedicals.online/" "Mozilla/5.0 (Macintosh; Intel Mac OS X 10_15_7) AppleWebKit/605.1.15 (KHTML, like Gecko) Version/17.4 Safari/605.1.15 (Applebot/0.1; +http://www.apple.com/go/applebot)" 11 **0/11476**
17.22.245.76 - - [13/May/2026:08:37:35 -0700] "GET /wp-content/plugins/contact-form-7/includes/swv/js/index.js?ver=6.1.5 HTTP/2.0" 200 3503 "https://padmamedicals.online/" "Mozilla/5.0 (Macintosh; Intel Mac OS X 10_15_7) AppleWebKit/605.1.15 (KHTML, like Gecko) Version/17.4 Safari/605.1.15 (Applebot/0.1; +http://www.apple.com/go/applebot)" 11 **0/11702**
17.22.245.76 - - [13/May/2026:08:37:37 -0700] "GET /wp-content/plugins/contact-form-7/includes/js/index.js?ver=6.1.5 HTTP/2.0" 200 4265 "https://padmamedicals.online/" "Mozilla/5.0 (Macintosh; Intel Mac OS X 10_15_7) AppleWebKit/605.1.15 (KHTML, like Gecko) Version/17.4 Safari/605.1.15 (Applebot/0.1; +http://www.apple.com/go/applebot)" 10 **0/10568**
17.22.245.76 - - [13/May/2026:08:37:38 -0700] "GET /wp-content/plugins/elementor/assets/js/webpack.runtime.min.js?ver=3.35.5 HTTP/2.0" 200 2476 "https://padmamedicals.online/" "Mozilla/5.0 (Macintosh; Intel Mac OS X 10_15_7) AppleWebKit/605.1.15 (KHTML, like Gecko) Version/17.4 Safari/605.1.15 (Applebot/0.1; +http://www.apple.com/go/applebot)" 9 **0/9586**
17.22.245.76 - - [13/May/2026:08:37:40 -0700] "GET /wp-content/plugins/elementor/assets/js/frontend-modules.min.js?ver=3.35.5 HTTP/2.0" 200 15944 "https://padmamedicals.online/" "Mozilla/5.0 (Macintosh; Intel Mac OS X 10_15_7) AppleWebKit/605.1.15 (KHTML, like Gecko) Version/17.4 Safari/605.1.15 (Applebot/0.1; +http://www.apple.com/go/applebot)" 11 **0/11796**
17.22.245.76 - - [13/May/2026:08:37:41 -0700] "GET /wp-includes/js/jquery/ui/core.min.js?ver=1.13.3 HTTP/2.0" 200 7106 "https://padmamedicals.online/" "Mozilla/5.0 (Macintosh; Intel Mac OS X 10_15_7) AppleWebKit/605.1.15 (KHTML, like Gecko) Version/17.4 Safari/605.1.15 (Applebot/0.1; +http://www.apple.com/go/applebot)" 10 **0/10155**
17.22.245.76 - - [13/May/2026:08:37:43 -0700] "GET /wp-content/plugins/elementor/assets/js/frontend.min.js?ver=3.35.5 HTTP/2.0" 200 10325 "https://padmamedicals.online/" "Mozilla/5.0 (Macintosh; Intel Mac OS X 10_15_7) AppleWebKit/605.1.15 (KHTML, like Gecko) Version/17.4 Safari/605.1.15 (Applebot/0.1; +http://www.apple.com/go/applebot)" 12 **0/12879**
17.22.245.76 - - [13/May/2026:08:37:44 -0700] "GET /wp-includes/js/jquery/ui/datepicker.min.js?ver=1.13.3 HTTP/2.0" 200 10907 "https://padmamedicals.online/" "Mozilla/5.0 (Macintosh; Intel Mac OS X 10_15_7) AppleWebKit/605.1.15 (KHTML, like Gecko) Version/17.4 Safari/605.1.15 (Applebot/0.1; +http://www.apple.com/go/applebot)" 10 **0/10588**
17.22.245.76 - - [13/May/2026:08:37:45 -0700] "GET /wp-content/themes/laboix/assets/vendors/bootstrap/js/bootstrap.min.js?ver=5.0.0 HTTP/2.0" 200 22377 "https://padmamedicals.online/" "Mozilla/5.0 (Macintosh; Intel Mac OS X 10_15_7) AppleWebKit/605.1.15 (KHTML, like Gecko) Version/17.4 Safari/605.1.15 (Applebot/0.1; +http://www.apple.com/go/applebot)" 16 **0/16447**
17.22.245.76 - - [13/May/2026:08:37:47 -0700] "GET /wp-content/plugins/laboix-addon/assets/vendors/bootstrap-select/js/bootstrap-select.min.js?ver=1762337083 HTTP/2.0" 200 17281 "https://padmamedicals.online/" "Mozilla/5.0 (Macintosh; Intel Mac OS X 10_15_7) AppleWebKit/605.1.15 (KHTML, like Gecko) Version/17.4 Safari/605.1.15 (Applebot/0.1; +http://www.apple.com/go/applebot)" 12 **0/12168**
17.22.245.76 - - [13/May/2026:08:37:48 -0700] "GET /wp-content/plugins/laboix-addon/assets/vendors/bxslider/jquery.bxslider.min.js?ver=1762337083 HTTP/2.0" 200 5167 "https://padmamedicals.online/" "Mozilla/5.0 (Macintosh; Intel Mac OS X 10_15_7) AppleWebKit/605.1.15 (KHTML, like Gecko) Version/17.4 Safari/605.1.15 (Applebot/0.1; +http://www.apple.com/go/applebot)" 23 **0/23124**
17.22.245.76 - - [13/May/2026:08:37:49 -0700] "GET /wp-content/plugins/laboix-addon/assets/vendors/countdown/countdown.min.js?ver=1762337083 HTTP/2.0" 200 2029 "https://padmamedicals.online/" "Mozilla/5.0 (Macintosh; Intel Mac OS X 10_15_7) AppleWebKit/605.1.15 (KHTML, like Gecko) Version/17.4 Safari/605.1.15 (Applebot/0.1; +http://www.apple.com/go/applebot)" 9 **0/9758**
17.22.245.76 - - [13/May/2026:08:37:51 -0700] "GET /wp-content/plugins/laboix-addon/assets/vendors/jarallax/jarallax.min.js?ver=1762337083 HTTP/2.0" 200 5252 "https://padmamedicals.online/" "Mozilla/5.0 (Macintosh; Intel Mac OS X 10_15_7) AppleWebKit/605.1.15 (KHTML, like Gecko) Version/17.4 Safari/605.1.15 (Applebot/0.1; +http://www.apple.com/go/applebot)" 13 **0/13304**
17.22.245.76 - - [13/May/2026:08:37:52 -0700] "GET /wp-content/plugins/laboix-addon/assets/vendors/jquery-ajaxchimp/jquery.ajaxchimp.min.js?ver=1762337083 HTTP/2.0" 200 939 "https://padmamedicals.online/" "Mozilla/5.0 (Macintosh; Intel Mac OS X 10_15_7) AppleWebKit/605.1.15 (KHTML, like Gecko) Version/17.4 Safari/605.1.15 (Applebot/0.1; +http://www.apple.com/go/applebot)" 11 **0/11873**
17.22.245.76 - - [13/May/2026:08:37:53 -0700] "GET /wp-content/plugins/laboix-addon/assets/vendors/jquery-appear/jquery.appear.min.js?ver=1762337083 HTTP/2.0" 200 600 "https://padmamedicals.online/" "Mozilla/5.0 (Macintosh; Intel Mac OS X 10_15_7) AppleWebKit/605.1.15 (KHTML, like Gecko) Version/17.4 Safari/605.1.15 (Applebot/0.1; +http://www.apple.com/go/applebot)" 13 **0/13605**
17.22.245.76 - - [13/May/2026:08:37:55 -0700] "GET /wp-content/plugins/laboix-addon/assets/vendors/jquery-magnific-popup/jquery.magnific-popup.min.js?ver=1762337083 HTTP/2.0" 200 7348 "https://padmamedicals.online/" "Mozilla/5.0 (Macintosh; Intel Mac OS X 10_15_7) AppleWebKit/605.1.15 (KHTML, like Gecko) Version/17.4 Safari/605.1.15 (Applebot/0.1; +http://www.apple.com/go/applebot)" 12 **0/12559**
17.22.245.76 - - [13/May/2026:08:37:56 -0700] "GET /wp-content/plugins/laboix-addon/assets/vendors/odometer/odometer.min.js?ver=1762337083 HTTP/2.0" 200 3542 "https://padmamedicals.online/" "Mozilla/5.0 (Macintosh; Intel Mac OS X 10_15_7) AppleWebKit/605.1.15 (KHTML, like Gecko) Version/17.4 Safari/605.1.15 (Applebot/0.1; +http://www.apple.com/go/applebot)" 12 **0/12092**
17.22.245.76 - - [13/May/2026:08:37:57 -0700] "GET /wp-content/plugins/laboix-addon/assets/vendors/owl-carousel/owl.carousel.min.js?ver=1762337083 HTTP/2.0" 200 11418 "https://padmamedicals.online/" "Mozilla/5.0 (Macintosh; Intel Mac OS X 10_15_7) AppleWebKit/605.1.15 (KHTML, like Gecko) Version/17.4 Safari/605.1.15 (Applebot/0.1; +http://www.apple.com/go/applebot)" 13 **0/13483**
17.22.245.76 - - [13/May/2026:08:37:59 -0700] "GET /wp-content/plugins/laboix-addon/assets/vendors/jquery-circle-progress/jquery.circle-progress.min.js?ver=1762337083 HTTP/2.0" 200 1866 "https://padmamedicals.online/" "Mozilla/5.0 (Macintosh; Intel Mac OS X 10_15_7) AppleWebKit/605.1.15 (KHTML, like Gecko) Version/17.4 Safari/605.1.15 (Applebot/0.1; +http://www.apple.com/go/applebot)" 11 **0/11057**
17.22.245.76 - - [13/May/2026:08:38:00 -0700] "GET /wp-content/plugins/elementor/assets/lib/swiper/v8/swiper.min.js?ver=8.4.5 HTTP/2.0" 200 39695 "https://padmamedicals.online/" "Mozilla/5.0 (Macintosh; Intel Mac OS X 10_15_7) AppleWebKit/605.1.15 (KHTML, like Gecko) Version/17.4 Safari/605.1.15 (Applebot/0.1; +http://www.apple.com/go/applebot)" 21 **0/21750**
17.22.245.76 - - [13/May/2026:08:38:01 -0700] "GET /wp-content/plugins/laboix-addon/assets/vendors/wow/wow.js?ver=1762337083 HTTP/2.0" 200 2212 "https://padmamedicals.online/" "Mozilla/5.0 (Macintosh; Intel Mac OS X 10_15_7) AppleWebKit/605.1.15 (KHTML, like Gecko) Version/17.4 Safari/605.1.15 (Applebot/0.1; +http://www.apple.com/go/applebot)" 23 **0/23480**
17.22.245.76 - - [13/May/2026:08:38:03 -0700] "GET /wp-content/plugins/laboix-addon/assets/vendors/sharer/sharer.min.js?ver=1762337083 HTTP/2.0" 200 2179 "https://padmamedicals.online/" "Mozilla/5.0 (Macintosh; Intel Mac OS X 10_15_7) AppleWebKit/605.1.15 (KHTML, like Gecko) Version/17.4 Safari/605.1.15 (Applebot/0.1; +http://www.apple.com/go/applebot)" 11 **0/11180**
17.22.245.76 - - [13/May/2026:08:38:04 -0700] "GET /wp-content/plugins/laboix-addon/assets/vendors/timepicker/timePicker.js?ver=1762337083 HTTP/2.0" 200 5351 "https://padmamedicals.online/" "Mozilla/5.0 (Macintosh; Intel Mac OS X 10_15_7) AppleWebKit/605.1.15 (KHTML, like Gecko) Version/17.4 Safari/605.1.15 (Applebot/0.1; +http://www.apple.com/go/applebot)" 11 **0/11383**
17.22.245.76 - - [13/May/2026:08:38:06 -0700] "GET /wp-content/plugins/laboix-addon/assets/vendors/circleType/jquery.circleType.js?ver=1762337083 HTTP/2.0" 200 1397 "https://padmamedicals.online/" "Mozilla/5.0 (Macintosh; Intel Mac OS X 10_15_7) AppleWebKit/605.1.15 (KHTML, like Gecko) Version/17.4 Safari/605.1.15 (Applebot/0.1; +http://www.apple.com/go/applebot)" 9 **0/9250**
17.22.245.76 - - [13/May/2026:08:38:07 -0700] "GET /wp-content/plugins/laboix-addon/assets/vendors/circleType/jquery.lettering.min.js?ver=1762337083 HTTP/2.0" 200 499 "https://padmamedicals.online/" "Mozilla/5.0 (Macintosh; Intel Mac OS X 10_15_7) AppleWebKit/605.1.15 (KHTML, like Gecko) Version/17.4 Safari/605.1.15 (Applebot/0.1; +http://www.apple.com/go/applebot)" 10 **0/10788**
17.22.245.76 - - [13/May/2026:08:38:08 -0700] "GET /wp-content/plugins/laboix-addon/assets/js/laboix-addon.js?ver=1762337083 HTTP/2.0" 200 3912 "https://padmamedicals.online/" "Mozilla/5.0 (Macintosh; Intel Mac OS X 10_15_7) AppleWebKit/605.1.15 (KHTML, like Gecko) Version/17.4 Safari/605.1.15 (Applebot/0.1; +http://www.apple.com/go/applebot)" 10 **0/10700**
17.22.245.76 - - [13/May/2026:08:38:10 -0700] "GET /wp-content/themes/laboix/assets/vendors/isotope/isotope.js?ver=2.1.1 HTTP/2.0" 200 10188 "https://padmamedicals.online/" "Mozilla/5.0 (Macintosh; Intel Mac OS X 10_15_7) AppleWebKit/605.1.15 (KHTML, like Gecko) Version/17.4 Safari/605.1.15 (Applebot/0.1; +http://www.apple.com/go/applebot)" 15 **0/15476**
17.22.245.76 - - [13/May/2026:08:38:11 -0700] "GET /wp-includes/js/imagesloaded.min.js?ver=5.0.0 HTTP/2.0" 200 1803 "https://padmamedicals.online/" "Mozilla/5.0 (Macintosh; Intel Mac OS X 10_15_7) AppleWebKit/605.1.15 (KHTML, like Gecko) Version/17.4 Safari/605.1.15 (Applebot/0.1; +http://www.apple.com/go/applebot)" 9 **0/9726**
17.22.245.76 - - [13/May/2026:08:38:12 -0700] "GET /wp-content/themes/laboix/assets/js/laboix-theme.js?ver=1778686561 HTTP/2.0" 200 2991 "https://padmamedicals.online/" "Mozilla/5.0 (Macintosh; Intel Mac OS X 10_15_7) AppleWebKit/605.1.15 (KHTML, like Gecko) Version/17.4 Safari/605.1.15 (Applebot/0.1; +http://www.apple.com/go/applebot)" 11 **0/11716**
17.22.245.76 - - [13/May/2026:08:38:14 -0700] "GET /wp-content/plugins/elementor-pro/assets/js/webpack-pro.runtime.min.js?ver=3.31.2 HTTP/2.0" 200 2855 "https://padmamedicals.online/" "Mozilla/5.0 (Macintosh; Intel Mac OS X 10_15_7) AppleWebKit/605.1.15 (KHTML, like Gecko) Version/17.4 Safari/605.1.15 (Applebot/0.1; +http://www.apple.com/go/applebot)" 13 **0/13179**
17.22.245.76 - - [13/May/2026:08:38:15 -0700] "GET /wp-content/plugins/elementor-pro/assets/js/frontend.min.js?ver=3.31.2 HTTP/2.0" 200 6510 "https://padmamedicals.online/" "Mozilla/5.0 (Macintosh; Intel Mac OS X 10_15_7) AppleWebKit/605.1.15 (KHTML, like Gecko) Version/17.4 Safari/605.1.15 (Applebot/0.1; +http://www.apple.com/go/applebot)" 12 **0/12528**
17.22.245.76 - - [13/May/2026:08:38:16 -0700] "GET /wp-content/plugins/elementor-pro/assets/js/elements-handlers.min.js?ver=3.31.2 HTTP/2.0" 200 10662 "https://padmamedicals.online/" "Mozilla/5.0 (Macintosh; Intel Mac OS X 10_15_7) AppleWebKit/605.1.15 (KHTML, like Gecko) Version/17.4 Safari/605.1.15 (Applebot/0.1; +http://www.apple.com/go/applebot)" 13 **0/13476**
17.22.245.76 - - [13/May/2026:08:38:18 -0700] "GET /wp-content/plugins/elementor/assets/js/shared-frontend-handlers.03caa53373b56d3bab67.bundle.min.js HTTP/2.0" 200 2644 "https://padmamedicals.online/" "Mozilla/5.0 (Macintosh; Intel Mac OS X 10_15_7) AppleWebKit/605.1.15 (KHTML, like Gecko) Version/17.4 Safari/605.1.15 (Applebot/0.1; +http://www.apple.com/go/applebot)" 10 **0/10152**
17.22.245.76 - - [13/May/2026:08:38:19 -0700] "GET /wp-content/plugins/elementor/assets/js/section-frontend-handlers.d85ab872da118940910d.bundle.min.js HTTP/2.0" 200 269 "https://padmamedicals.online/" "Mozilla/5.0 (Macintosh; Intel Mac OS X 10_15_7) AppleWebKit/605.1.15 (KHTML, like Gecko) Version/17.4 Safari/605.1.15 (Applebot/0.1; +http://www.apple.com/go/applebot)" 11 **0/11196**
17.22.245.76 - - [13/May/2026:08:38:20 -0700] "GET /wp-content/plugins/elementor-pro/assets/js/popup.f7b15b2ca565b152bf98.bundle.min.js HTTP/2.0" 200 444 "https://padmamedicals.online/" "Mozilla/5.0 (Macintosh; Intel Mac OS X 10_15_7) AppleWebKit/605.1.15 (KHTML, like Gecko) Version/17.4 Safari/605.1.15 (Applebot/0.1; +http://www.apple.com/go/applebot)" 10 **0/10120**
17.22.245.76 - - [13/May/2026:08:38:21 -0700] "GET /wp-content/plugins/elementor-pro/assets/js/form.5fb35271b8ba3fb1e7d6.bundle.min.js HTTP/2.0" 200 5193 "https://padmamedicals.online/" "Mozilla/5.0 (Macintosh; Intel Mac OS X 10_15_7) AppleWebKit/605.1.15 (KHTML, like Gecko) Version/17.4 Safari/605.1.15 (Applebot/0.1; +http://www.apple.com/go/applebot)" 9 **0/9384**
17.22.245.76 - - [13/May/2026:08:38:23 -0700] "GET /wp-includes/js/wp-emoji-release.min.js?ver=6.9 HTTP/2.0" 200 5375 "https://padmamedicals.online/" "Mozilla/5.0 (Macintosh; Intel Mac OS X 10_15_7) AppleWebKit/605.1.15 (KHTML, like Gecko) Version/17.4 Safari/605.1.15 (Applebot/0.1; +http://www.apple.com/go/applebot)" 13 **0/13135**
118.139.177.138 - - [13/May/2026:08:52:41 -0700] "POST /wp-cron.php?doing_wp_cron=1778687561.7381250858306884765625 HTTP/1.1" 200 - "-" "WordPress/6.9; https://padmamedicals.online" 108 **0/108649**
66.249.64.75 - - [13/May/2026:08:52:40 -0700] "GET /artificial/ HTTP/1.1" 200 15045 "-" "Mozilla/5.0 (Linux; Android 6.0.1; Nexus 5X Build/MMB29P) AppleWebKit/537.36 (KHTML, like Gecko) Chrome/147.0.7727.137 Mobile Safari/537.36 (compatible; GoogleOther)" 1402 **1/1402344**
100.30.255.189 - - [13/May/2026:08:55:11 -0700] "GET / HTTP/1.1" 200 7081 "-" "Mozilla/5.0 (X11; U; Linux i686; en-US; rv:1.9a3pre) Gecko/20070330" 2 **0/2573**
118.139.177.138 - - [13/May/2026:09:23:19 -0700] "POST /wp-cron.php?doing_wp_cron=1778689399.9341681003570556640625 HTTP/1.1" 200 - "-" "WordPress/6.9; https://padmamedicals.online" 34 **0/34723**
57.141.16.98 - - [13/May/2026:09:23:18 -0700] "GET /safe-diagnoses/ HTTP/2.0" 500 2954 "-" "meta-externalagent/1.1 (+https://developers.facebook.com/docs/sharing/webmasters/crawler)" 1416 **1/1416596**
118.139.177.138 - - [13/May/2026:09:34:20 -0700] "POST /wp-cron.php?doing_wp_cron=1778690060.2859048843383789062500 HTTP/1.1" 200 - "-" "WordPress/6.9; https://padmamedicals.online" 113 **0/113453**
57.141.16.24 - - [13/May/2026:09:34:19 -0700] "GET /my-account-2/ HTTP/2.0" 500 2950 "-" "meta-externalagent/1.1 (+https://developers.facebook.com/docs/sharing/webmasters/crawler)" 1000 **1/1000736**
118.139.177.138 - - [13/May/2026:09:48:38 -0700] "POST /wp-cron.php?doing_wp_cron=1778690918.6116139888763427734375 HTTP/1.1" 200 - "-" "WordPress/6.9; https://padmamedicals.online" 32 **0/32249**
57.141.16.5 - - [13/May/2026:09:48:37 -0700] "GET /pathology/ HTTP/2.0" 500 2949 "-" "meta-externalagent/1.1 (+https://developers.facebook.com/docs/sharing/webmasters/crawler)" 1269 **1/1269609**
118.139.177.138 - - [13/May/2026:10:18:01 -0700] "GET /wp-content/uploads/2024/04/gallery-1-1.jpg HTTP/1.1" 200 45139 "-" "-" 9 **0/9604**
118.139.177.138 - - [13/May/2026:10:18:01 -0700] "GET /wp-content/uploads/2024/04/gallery-1-2.jpg HTTP/1.1" 200 31962 "-" "-" 9 **0/9034**
118.139.177.138 - - [13/May/2026:10:18:01 -0700] "GET /wp-content/uploads/2024/04/gallery-1-3.jpg HTTP/1.1" 200 35968 "-" "-" 9 **0/9965**
118.139.177.138 - - [13/May/2026:10:18:01 -0700] "GET /wp-content/uploads/2024/04/gallery-1-4.jpg HTTP/1.1" 200 39186 "-" "-" 13 **0/13007**
118.139.177.138 - - [13/May/2026:10:18:01 -0700] "GET /wp-content/uploads/2024/04/gallery-1-5.jpg HTTP/1.1" 200 29671 "-" "-" 9 **0/9665**
118.139.177.138 - - [13/May/2026:10:18:01 -0700] "GET /wp-content/uploads/2024/04/gallery-1-6.jpg HTTP/1.1" 200 19438 "-" "-" 7 **0/7573**
118.139.177.138 - - [13/May/2026:10:18:01 -0700] "GET /wp-content/uploads/2024/04/gallery-1-7.jpg HTTP/1.1" 200 25349 "-" "-" 10 **0/10817**
118.139.177.138 - - [13/May/2026:10:18:01 -0700] "POST /wp-cron.php?doing_wp_cron=1778692681.3638389110565185546875 HTTP/1.1" 200 - "-" "WordPress/6.9; https://padmamedicals.online" 73 **0/73300**
57.141.16.10 - - [13/May/2026:10:18:00 -0700] "GET /gallery-filter/ HTTP/2.0" 200 76952 "-" "meta-externalagent/1.1 (+https://developers.facebook.com/docs/sharing/webmasters/crawler)" 1305 **1/1305989**